2?
-2066857
In base 15, what is -307 + 511?
209
In base 7, what is 6 - 54440?
-54431
In base 5, what is 2130311 + -10?
2130301
In base 2, what is 11110000111110111 + -101?
11110000111110010
In base 5, what is -12 - 312221?
-312233
In base 8, what is -1 + 11771?
11770
In base 9, what is 3227 - -53?
3281
In base 13, what is -61c - 98?
-6b7
In base 12, what is 11 - -389b0?
38a01
In base 2, what is 10110110 + -1101010110?
-1010100000
In base 2, what is 1 + 10111000101?
10111000110
In base 15, what is -4a029 - -4?
-4a025
In base 6, what is -40 + -5114?
-5154
In base 7, what is 3213531 + -4?
3213524
In base 9, what is 202877 - -12?
203000
In base 16, what is -736 - -8e?
-6a8
In base 13, what is 12 + -481?
-46c
In base 6, what is -5 - -30222?
30213
In base 3, what is 1111112110111 + 12?
1111112110200
In base 10, what is 26548 + -1?
26547
In base 4, what is 1322 + -122330?
-121002
In base 13, what is -619a - -3?
-6197
In base 3, what is -10 - -11112120?
11112110
In base 13, what is c36 - 1?
c35
In base 13, what is -35 + 8ca?
895
In base 3, what is 221 + -210122100?
-210121102
In base 11, what is 1a005 - 0?
1a005
In base 2, what is 10011110001001111100 + 10?
10011110001001111110
In base 15, what is 47dc9 + 2?
47dcb
In base 8, what is 60 - 370?
-310
In base 5, what is -11 + -2232141?
-2232202
In base 16, what is 494fc - 5?
494f7
In base 16, what is -6b + 15d?
f2
In base 9, what is 2238 + -22?
2216
In base 14, what is -20 + -65c4?
-6604
In base 7, what is -55 - 23230?
-23315
In base 12, what is 95 - 206?
-131
In base 13, what is 5 - a9c?
-a97
In base 2, what is -1011101001110010010000 - -1?
-1011101001110010001111
In base 6, what is -4251442 - -3?
-4251435
In base 13, what is -58a - -33b?
-24c
In base 8, what is 42 + 1275?
1337
In base 10, what is -3044 + 84?
-2960
In base 2, what is -111001001110101100 + 100?
-111001001110101000
In base 12, what is 265 + 580?
825
In base 5, what is -40202213 + -1?
-40202214
In base 11, what is -3829 - -4?
-3825
In base 3, what is -120221222 - -12?
-120221210
In base 16, what is 5 + a7a?
a7f
In base 6, what is -15 + 1140215?
1140200
In base 2, what is 10011010100 - 10100010?
10000110010
In base 2, what is 111101 + 10100101011?
10101101000
In base 13, what is -1 - -3156?
3155
In base 3, what is 0 + -1101001221?
-1101001221
In base 2, what is -101111000101 + 100011?
-101110100010
In base 3, what is 2021 + -212101?
-210010
In base 16, what is -6 - 4ed7?
-4edd
In base 11, what is -12 - -98829?
98817
In base 11, what is -18 + 3970?
3953
In base 7, what is -226542 + -3?
-226545
In base 11, what is -351041 - -4?
-351038
In base 2, what is -100 + -10010010000110101111?
-10010010000110110011
In base 5, what is -1230 + -431?
-2211
In base 7, what is 5426 - -36?
5465
In base 16, what is -44 + 18?
-2c
In base 7, what is -3 + -436355?
-436361
In base 8, what is -5 - 114531?
-114536
In base 5, what is 230234 - -232?
231021
In base 14, what is -c4 - -3b4?
2d0
In base 13, what is -1a5b - -1?
-1a5a
In base 9, what is 3233 + -20?
3213
In base 4, what is -2231 + 2232?
1
In base 3, what is 110020 + 12222211?
20110001
In base 7, what is 102 - 20136?
-20034
In base 4, what is 1100200 + -2?
1100132
In base 11, what is -2a734 + -a?
-2a743
In base 3, what is -222 - -20101121?
20100122
In base 14, what is 459b + -54?
4547
In base 6, what is 302 - -1335?
2041
In base 14, what is -159c9d + -4?
-159ca3
In base 12, what is -7007 - 10?
-7017
In base 6, what is 445500 + 4?
445504
In base 11, what is 19 + 7207?
7225
In base 16, what is -be926 + 0?
-be926
In base 12, what is -1 - -b8881?
b8880
In base 15, what is 11 + -1815?
-1804
In base 13, what is -6 - -73086?
73080
In base 10, what is -6897 - 0?
-6897
In base 6, what is -110510 - -3?
-110503
In base 7, what is 1041205 - 3?
1041202
In base 2, what is -111001 + 1101000101?
1100001100
In base 3, what is 11 + -2011112201112?
-2011112201101
In base 9, what is -287328 - -3?
-287325
In base 2, what is -10101001 - 100010000?
-110111001
In base 8, what is 4 + -17722?
-17716
In base 6, what is -11 + 2455451?
2455440
In base 3, what is -122101 - -102011?
-20020
In base 9, what is -15021 + 3?
-15017
In base 2, what is 1010010111011 + -110001?
1010010001010
In base 5, what is 304103 + 21?
304124
In base 14, what is 454 - 12?
442
In base 8, what is 7 + -200634?
-200625
In base 16, what is 1f9a1 + 1?
1f9a2
In base 4, what is 1001 + -3032232?
-3031231
In base 3, what is 21 - -21112201?
21112222
In base 12, what is 1641 - -b?
1650
In base 6, what is 210 + -21124?
-20514
In base 12, what is -1 + -17326?
-17327
In base 2, what is -11001001110000011000 - 0?
-11001001110000011000
In base 6, what is -5103 - -1001?
-4102
In base 11, what is -7 - 141389?
-141395
In base 9, what is -4 + -222248?
-222253
In base 10, what is -6795 + -3?
-6798
In base 2, what is 100 - 1011001000101?
-1011001000001
In base 12, what is 158b45b - -4?
158b463
In base 7, what is -3 + 33356?
33353
In base 8, what is -23 - -54543?
54520
In base 8, what is -5026107 - 2?
-5026111
In base 2, what is 1011011011101101000100 + 100?
1011011011101101001000
In base 14, what is 4805 - -9?
4810
In base 4, what is -3311000 - 3?
-3311003
In base 4, what is -10 + -1021113?
-1021123
In base 3, what is 12111222110 + 10?
12111222120
In base 8, what is -6 - 17131?
-17137
In base 12, what is 9085b9 + -1?
9085b8
In base 11, what is -313a - 142?
-3281
In base 14, what is -3b4 - -5b?
-357
In base 7, what is 3 + 164304?
164310
In base 16, what is -379 - 1cc?
-545
In base 11, what is 29 + 947?
975
In base 3, what is -1 - -1100022222?
1100022221
In base 14, what is 162 - 81?
c1
In base 11, what is -2 - -2372?
2370
In base 13, what is -8 + -487c?
-4887
In base 8, what is -4000047 - -3?
-4000044
In base 3, what is 20110 + 111222?
202102
In base 5, what is 2002 - -414?
2421
In base 4, what is 100303232333 - 1?
100303232332
In base 15, what is 4 - c8b7?
-c8b3
In base 15, what is -13b - dc6?
-1012
In base 11, what is a18 + -20?
9a8
In base 8, what is -622213 + 0?
-622213
In base 7, what is -250035 - -5?
-250030
In base 3, what is 1000002221001 - -2?
1000002221010
In base 16, what is 5 + -30b20?
-30b1b
In base 5, what is 101301 + 11422?
113223
In base 9, what is 0 + 552?
552
In base 8, what is 0 + -524633?
-524633
In base 8, what is -712334 - -5?
-712327
In base 7, what is -220 + -122?
-342
In base 12, what is -1a15b - 12?
-1a171
In base 16, what is 6d + 1d?
8a
In base 3, what is -10011 - 10220?
-21001
In base 16, what is 29 + -557?
-52e
In base 12, what is 25 - 4344?
-431b
In base 2, what is -1 - 11100011101?
-11100011110
In base 9, what is -2305 - -257?
-2037
In base 3, what is -10112110200 - 101?
-10112111001
In base 11, what is -1963 - 7a?
-1a32
In base 15, what is 4 + 503a?
503e
In base 11, what is -a789 - 0?
-a789
In base 12, what is 334b6 + -8?
334aa
In base 12, what is 2 + 19a28?
19a2a
In base 6, what is 2445 + 312?
3201
In base 2, what is 111000001101 - 101100?
110111100001
In base 3, what is -110 - -10101011?
10100201
In base 12, what is 1 - -2324?
2325
In base 5, what is -12234 + -24144?
-41433
In base 15, what is -79a + 19d?
-5ec
In base 5, what is 40043 + 4?
40102
In base 9, what is -2315483 + 0?
-2315483
In base 7, what is 1521 - 64?
1424
In base 7, what is -462 - 35512?
-36304
In base 6, what is -1431 - 443?
-2314
In base 11, what is -69042 + 5?
-69038
In base 14, what is 3 - bb4?
-bb1
In base 9, what is 132226 + 0?
132226
In base 14, what is 7141 - d?
7132
In base 15, what is -10 + 67ab?
679b
In base 11, what is -4 + -6854?
-6858
In base 14, what is 78 + -21c3?
-2149
In base 7, what is -6302 + 643?
-5326
In base 2, what is -100001110 + -1100000011?
-10000010001
In base 3, what is -1112122 + -102000?
-1221122
In base 9, what is -2 - 14276?
-14278
In base 13, what is 59 - 244?
-1b8
In base 6, what is -124 + -42112?
-42240
In base 3, what is -1 - 2210022200100?
-2210022200101
In base 8, what is 744174 - 4?
744170
In base 3, what is 1022010 - -100?
1022110
In base 7, what is -3566345 - 16?
-3566364
In base 7, what is 2 + -34026?
-34024
In base 13, what is -4 - 126c?
-1273
In base 6, what is -10132105 - -2?
-10132103
In base 16, what is 27 + 4d6?
4fd
In base 12, what is 1 + a9288?
a9289
In base 16, what is f592 + 0?
f592
In base 2, what is 100 + 10001100001011101?
1